divided by 34?
15
What is the remainder when 27 is divided by 8?
3
What is the remainder when 1120 is divided by 354?
58
What is the remainder when 270 is divided by 12?
6
What is the remainder when 437 is divided by 110?
107
Calculate the remainder when 575 is divided by 53.
45
Calculate the remainder when 212 is divided by 9.
5
Calculate the remainder when 628 is divided by 276.
76
Calculate the remainder when 515 is divided by 5.
0
Calculate the remainder when 2085 is divided by 1039.
7
What is the remainder when 1364 is divided by 4?
0
Calculate the remainder when 259 is divided by 91.
77
What is the remainder when 363 is divided by 28?
27
Calculate the remainder when 713 is divided by 102.
101
Calculate the remainder when 3449 is divided by 36.
29
What is the remainder when 359 is divided by 172?
15
Calculate the remainder when 25 is divided by 10.
5
What is the remainder when 602 is divided by 67?
66
What is the remainder when 1836 is divided by 23?
19
What is the remainder when 359 is divided by 222?
137
Calculate the remainder when 2333 is divided by 19.
15
Calculate the remainder when 111 is divided by 19.
16
What is the remainder when 2104 is divided by 236?
216
What is the remainder when 1150 is divided by 128?
126
Calculate the remainder when 1227 is divided by 176.
171
Calculate the remainder when 9491 is divided by 21.
20
Calculate the remainder when 260 is divided by 3.
2
What is the remainder when 5405 is divided by 26?
23
Calculate the remainder when 414 is divided by 206.
2
Calculate the remainder when 1424 is divided by 79.
2
What is the remainder when 395 is divided by 74?
25
What is the remainder when 130 is divided by 16?
2
Calculate the remainder when 3918 is divided by 14.
12
What is the remainder when 2429 is divided by 18?
17
Calculate the remainder when 837 is divided by 21.
18
Calculate the remainder when 10807 is divided by 8.
7
What is the remainder when 301 is divided by 77?
70
What is the remainder when 809 is divided by 42?
11
What is the remainder when 299 is divided by 17?
10
Calculate the remainder when 678 is divided by 22.
18
Calculate the remainder when 123 is divided by 34.
21
Calculate the remainder when 107 is divided by 47.
13
What is the remainder when 38 is divided by 11?
5
What is the remainder when 1683 is divided by 22?
11
What is the remainder when 88 is divided by 56?
32
Calculate the remainder when 142 is divided by 124.
18
Calculate the remainder when 483 is divided by 124.
111
Calculate the remainder when 428 is divided by 19.
10
Calculate the remainder when 12117 is divided by 40.
37
What is the remainder when 440 is divided by 145?
5
What is the remainder when 696 is divided by 13?
7
What is the remainder when 3069 is divided by 32?
29
What is the remainder when 257 is divided by 113?
31
What is the remainder when 190 is divided by 39?
34
Calculate the remainder when 228 is divided by 21.
18
Calculate the remainder when 1173 is divided by 11.
7
What is the remainder when 3027 is divided by 15?
12
What is the remainder when 419 is divided by 28?
27
What is the remainder when 3121 is divided by 14?
13
What is the remainder when 10202 is divided by 57?
56
Calculate the remainder when 3378 is divided by 22.
12
What is the remainder when 296 is divided by 71?
12
Calculate the remainder when 3563 is divided by 92.
67
What is the remainder when 84 is divided by 13?
6
Calculate the remainder when 1026 is divided by 45.
36
Calculate the remainder when 533 is divided by 183.
167
Calculate the remainder when 1216 is divided by 65.
46
What is the remainder when 221 is divided by 76?
69
Calculate the remainder when 422 is divided by 52.
6
Calculate the remainder when 397 is divided by 150.
97
What is the remainder when 591 is divided by 54?
51
Calculate the remainder when 3944 is divided by 188.
184
Calculate the remainder when 284 is divided by 273.
11
What is the remainder when 2 is divided by 2?
0
What is the remainder when 64 is divided by 6?
4
What is the remainder when 272 is divided by 11?
8
What is the remainder when 35 is divided by 5?
0
What is the remainder when 137 is divided by 48?
41
Calculate the remainder when 2252 is divided by 1121.
10
Calculate the remainder when 5218 is divided by 36.
34
Calculate the remainder when 247 is divided by 84.
79
Calculate the remainder when 418 is divided by 106.
100
What is the remainder when 374 is divided by 177?
20
Calculate the remainder when 164 is divided by 32.
4
Calculate the remainder when 39 is divided by 7.
4
What is the remainder when 302 is divided by 68?
30
Calculate the remainder when 815 is divided by 35.
10
What is the remainder when 2573 is divided by 56?
53
What is the remainder when 10885 is divided by 191?
189
Calculate the remainder when 2047 is divided by 57.
52
Calculate the remainder when 706 is divided by 12.
10
Calculate the remainder when 231 is divided by 78.
75
What is the remainder when 1601 is divided by 18?
17
What is the remainder when 1923 is divided by 55?
53
What is the remainder when 831 is divided by 169?
155
Calculate the remainder when 237 is divided by 83.
71
What is the remainder when 926 is divided by 133?
128
What is the remainder when 938 is divided by 318?
302
What is the remainder when 6010 is divided by 12?
10
What is the remainder when 2458 is divided by 610?
18
What is the remainder when 2453 is divided by 610?
13
What is the remainder when 361 is divided by 267?
94
Calculate the remainder when 137 is divided by 60.
17
What is the remainder when 124 is divided by 47?
30
What is the remainder when 162 is divided by 152?
10
What is the remainder when 8925 is divided by 48?
45
Calculate the remainder when 846 is divided by 5.
1
Calculate the remainder when 75 is divided by 26.
23
What is the remainder when 1098 is divided by 31?
13
Calculate the remainder when 40 is divided by 22.
18
Calculate the remainder when 1807 is divided by 359.
12
What is the remainder when 2128 is divided by 13?
9
What is the remainder when 361 is divided by 292?
69
What is the remainder when 60 is divided by 11?
5
What is the remainder when 531 is divided by 18?
9
What is the remainder when 508 is divided by 451?
57
Calculate the remainder when 263 is divided by 8.
7
What is the remainder when 1341 is divided by 64?
61
What is the remainder when 319 is divided by 168?
151
What is the remainder when 717 is divided by 60?
57
Calculate the remainder when 2411 is divided by 599.
15
Calculate the remainder when 816 is divided by 270.
6
Calculate the remainder when 1048 is divided by 132.
124
What is the remainder when 1379 is divided by 459?
2
What is the remainder when 347 is divided by 25?
22
What is the remainder when 687 is divided by 77?
71
Calculate the remainder when 1655 is divided by 79.
75
Calculate the remainder when 34 is divided by 4.
2
What is the remainder when 28 is divided by 6?
4
Calculate the remainder when 1553 is divided by 389.
386
What is the remainder when 17 is divided by 7?
3
Calculate the remainder when 1102 is divided by 12.
10
Calculate the remainder when 129 is divided by 81.
48
What is the remainder when 623 is divided by 19?
15
Calculate the remainder when 345 is divided by 4.
1
What is the remainder when 213 is divided by 200?
13
What is the remainder when 414 is divided by 7?
1
Calculate the remainder when 16 is divided by 4.
0
Calculate the remainder when 973 is divided by 15.
13
Calculate the remainder when 253 is divided by 136.
117
What is the remainder when 204 is divided by 107?
97
Calculate the remainder when 210 is divided by 32.
18
What is the remainder when 43 is divided by 11?
10
What is the remainder when 3742 is divided by 13?
11
What is the remainder when 672 is divided by 27?
24
What is the remainder when 453 is divided by 252?
201
What is the remainder when 659 is divided by 25?
9
What is the remainder when 17636 is divided by 401?
393
What is the remainder when 713 is divided by 17?
16
What is the remainder when 14 is divided by 9?
5
What is the remainder when 511 is divided by 245?
21
Calculate the remainder when 146 is divided by 82.
64
What is the remainder when 74 is divided by 29?
16
What is the remainder when 429 is divided by 103?
17
Calculate the remainder when 40 is divi